{"id":17232,"date":"2022-06-13T09:07:20","date_gmt":"2022-06-13T07:07:20","guid":{"rendered":"https:\/\/escaudacienne.fr\/esc\/?page_id=17232"},"modified":"2022-06-13T10:05:25","modified_gmt":"2022-06-13T08:05:25","slug":"parrainage","status":"publish","type":"page","link":"https:\/\/escaudacienne.fr\/esc\/accueil\/parrainage\/","title":{"rendered":"Parrainage"},"content":{"rendered":"\n\t<div class=\"img has-hover x md-x lg-x y md-y lg-y\" id=\"image_979338967\">\n\t\t\t\t\t\t\t\t<div class=\"img-inner dark\" >\n\t\t\t<img loading=\"lazy\" decoding=\"async\" width=\"1020\" height=\"390\" src=\"https:\/\/escaudacienne.fr\/esc\/wp-content\/uploads\/sites\/2\/2022\/06\/Parrainage-1400x535.png\" class=\"attachment-large size-large\" alt=\"\" srcset=\"https:\/\/escaudacienne.fr\/esc\/wp-content\/uploads\/sites\/2\/2022\/06\/Parrainage-1400x535.png 1400w, https:\/\/escaudacienne.fr\/esc\/wp-content\/uploads\/sites\/2\/2022\/06\/Parrainage-800x306.png 800w, https:\/\/escaudacienne.fr\/esc\/wp-content\/uploads\/sites\/2\/2022\/06\/Parrainage-768x294.png 768w, https:\/\/escaudacienne.fr\/esc\/wp-content\/uploads\/sites\/2\/2022\/06\/Parrainage-1536x587.png 1536w, https:\/\/escaudacienne.fr\/esc\/wp-content\/uploads\/sites\/2\/2022\/06\/Parrainage-2048x783.png 2048w, https:\/\/escaudacienne.fr\/esc\/wp-content\/uploads\/sites\/2\/2022\/06\/Parrainage-510x195.png 510w\" sizes=\"auto, (max-width: 1020px) 100vw, 1020px\" \/>\t\t\t\t\t\t\n\t\t\t\t\t<\/div>\n\t\t\t\t\t\t\t\t\n<style>\n#image_979338967 {\n  width: 100%;\n}\n<\/style>\n\t<\/div>\n\t\n\n\t<section class=\"section\" id=\"section_1409474967\">\n\t\t<div class=\"bg section-bg fill bg-fill  bg-loaded\" >\n\n\t\t\t\n\t\t\t\n\t\t\t\n\n\t\t<\/div>\n\n\t\t<div class=\"section-content relative\">\n\t\t\t\n\n<div class=\"row align-center\"  id=\"row-1357732164\">\n\n\n\t<div id=\"col-1624038924\" class=\"col medium-10 small-12 large-10\"  >\n\t\t<div class=\"col-inner text-center\"  >\n\t\t\t\n\t\t\t\n\n<h2 class=\"uppercase\">Notice sur le Parrainage<\/h2>\n<p>\u00a0<\/p>\n<p style=\"text-align: left\">\u00c0 compter de la saison 2022-2023, l\u2019ESC\u00ae met en place un <strong>syst\u00e8me de parrainage <\/strong>!<\/p>\n<p style=\"text-align: left\">\u00a0<\/p>\n<p style=\"text-align: left\">Un adh\u00e9rent ESC\u00ae pourra parrainer <strong>au maximum 3 filleuls<\/strong>\u00a0:<\/p>\n<ul>\n<li style=\"text-align: left\">Le parrainage <strong>ne pourra avoir lieu au sein d\u2019une m\u00eame famille<\/strong> (politique familiale)<\/li>\n<li style=\"text-align: left\">Le parrain recevra de la part de l\u2019ESC\u00ae un <strong>bon d\u2019achat par filleul<\/strong> \u00e0 valoir chez l\u2019un de nos partenaires<\/li>\n<li style=\"text-align: left\">Le bon de parrainage sera d\u00e9livr\u00e9 si et seulement si le parrain et le filleul se sont <strong>inscrits en ligne<\/strong><\/li>\n<li style=\"text-align: left\">Le <strong>bon d\u2019achat par filleul sera d\u00e9livr\u00e9 <\/strong>par le Bureau Directeur lorsque le parrain et le filleul se seront int\u00e9gralement acquitt\u00e9s de <strong>leur cotisation \u00e0 l\u2019ESC\u00ae<\/strong><\/li>\n<li style=\"text-align: left\">Le <strong>filleul de devra pas avoir \u00e9t\u00e9 licenci\u00e9 \u00e0 l\u2019ESC\u00ae durant les 3 derni\u00e8res ann\u00e9es<\/strong><\/li>\n<li style=\"text-align: left\">Lors de son inscription, le parrain recevra de la part de l\u2019ESC\u00ae via E-clubs un <strong>code de parrainage<\/strong><\/li>\n<li style=\"text-align: left\">Ce <strong>code de parrainage sera fourni par le parrain au(x) filleul(s)<\/strong><\/li>\n<li style=\"text-align: left\">Le filleul saisira lors de son inscription en ligne le code parrainage<\/li>\n<li style=\"text-align: left\">La valeur faciale du bon parrainage sera de <strong>10\u20ac\/filleul<\/strong><\/li>\n<li style=\"text-align: left\">La <strong>validation du bon de parrainage sera faite par le Bureau Directeur<\/strong><\/li>\n<li style=\"text-align: left\">Le parrain <strong>ne pourra cumuler cet avantage avec bon anciennet\u00e9, politique familiale, politique \u00e9tudiante, bon inscription ou tout autre r\u00e9duction.<\/strong><\/li>\n<\/ul>\n\n\t\t<\/div>\n\t\t\t<\/div>\n\n\t\n\n<\/div>\n\n\t\t<\/div>\n\n\t\t\n<style>\n#section_1409474967 {\n  padding-top: 60px;\n  padding-bottom: 60px;\n  min-height: 300px;\n  background-color: rgb(245, 245, 245);\n}\n<\/style>\n\t<\/section>\n\t\n\n","protected":false},"excerpt":{"rendered":"","protected":false},"author":1970,"featured_media":0,"parent":87,"menu_order":6,"comment_status":"closed","ping_status":"closed","template":"","meta":{"footnotes":""},"class_list":["post-17232","page","type-page","status-publish","hentry"],"yoast_head":"<!-- This site is optimized with the Yoast SEO Premium plugin v18.2.1 (Yoast SEO v24.9) - https:\/\/yoast.com\/wordpress\/plugins\/seo\/ -->\n<title>Parrainage - ESC - Entente Sportive Caudacienne\u00ae<\/title>\n<meta name=\"description\" content=\"Parrainez un filleul aupr\u00e8s de l&#039;ESC et b\u00e9n\u00e9ficiez jusqu&#039;\u00e0 bons d&#039;achats \u00e0 valoir chez nos partenaires.\" \/>\n<meta name=\"robots\" content=\"index, follow, max-snippet:-1, max-image-preview:large, max-video-preview:-1\" \/>\n<link rel=\"canonical\" href=\"https:\/\/escaudacienne.fr\/esc\/accueil\/parrainage\/\" \/>\n<meta property=\"og:locale\" content=\"fr_FR\" \/>\n<meta property=\"og:type\" content=\"article\" \/>\n<meta property=\"og:title\" content=\"Parrainage\" \/>\n<meta property=\"og:url\" content=\"https:\/\/escaudacienne.fr\/esc\/accueil\/parrainage\/\" \/>\n<meta property=\"og:site_name\" content=\"ESC - Entente Sportive Caudacienne\u00ae\" \/>\n<meta property=\"article:publisher\" content=\"https:\/\/www.facebook.com\/ententesportivecaudacienne\" \/>\n<meta property=\"article:modified_time\" content=\"2022-06-13T08:05:25+00:00\" \/>\n<meta name=\"twitter:card\" content=\"summary_large_image\" \/>\n<script type=\"application\/ld+json\" class=\"yoast-schema-graph\">{\"@context\":\"https:\/\/schema.org\",\"@graph\":[{\"@type\":\"WebPage\",\"@id\":\"https:\/\/escaudacienne.fr\/esc\/accueil\/parrainage\/\",\"url\":\"https:\/\/escaudacienne.fr\/esc\/accueil\/parrainage\/\",\"name\":\"Parrainage - ESC - Entente Sportive Caudacienne\u00ae\",\"isPartOf\":{\"@id\":\"http:\/\/escaudacienne.fr\/esc\/#website\"},\"datePublished\":\"2022-06-13T07:07:20+00:00\",\"dateModified\":\"2022-06-13T08:05:25+00:00\",\"description\":\"Parrainez un filleul aupr\u00e8s de l'ESC et b\u00e9n\u00e9ficiez jusqu'\u00e0 bons d'achats \u00e0 valoir chez nos partenaires.\",\"breadcrumb\":{\"@id\":\"https:\/\/escaudacienne.fr\/esc\/accueil\/parrainage\/#breadcrumb\"},\"inLanguage\":\"fr-FR\",\"potentialAction\":[{\"@type\":\"ReadAction\",\"target\":[\"https:\/\/escaudacienne.fr\/esc\/accueil\/parrainage\/\"]}]},{\"@type\":\"BreadcrumbList\",\"@id\":\"https:\/\/escaudacienne.fr\/esc\/accueil\/parrainage\/#breadcrumb\",\"itemListElement\":[{\"@type\":\"ListItem\",\"position\":1,\"name\":\"Accueil\",\"item\":\"http:\/\/escaudacienne.fr\/esc\/\"},{\"@type\":\"ListItem\",\"position\":2,\"name\":\"Accueil ESC Sport La Queue-en-Brie\",\"item\":\"http:\/\/escaudacienne.fr\/esc\/\"},{\"@type\":\"ListItem\",\"position\":3,\"name\":\"Parrainage\"}]},{\"@type\":\"WebSite\",\"@id\":\"http:\/\/escaudacienne.fr\/esc\/#website\",\"url\":\"http:\/\/escaudacienne.fr\/esc\/\",\"name\":\"ESC - Entente Sportive Caudacienne\u00ae\",\"description\":\"Faire du Sport \u00e0 La Queue-en-Brie... c&#039;est facile avec l&#039;E.S.C.\u00ae !\",\"publisher\":{\"@id\":\"http:\/\/escaudacienne.fr\/esc\/#organization\"},\"potentialAction\":[{\"@type\":\"SearchAction\",\"target\":{\"@type\":\"EntryPoint\",\"urlTemplate\":\"http:\/\/escaudacienne.fr\/esc\/?s={search_term_string}\"},\"query-input\":{\"@type\":\"PropertyValueSpecification\",\"valueRequired\":true,\"valueName\":\"search_term_string\"}}],\"inLanguage\":\"fr-FR\"},{\"@type\":\"Organization\",\"@id\":\"http:\/\/escaudacienne.fr\/esc\/#organization\",\"name\":\"E.S.C.\u00ae - Entente Sportive Caudacienne\u00ae\",\"url\":\"http:\/\/escaudacienne.fr\/esc\/\",\"logo\":{\"@type\":\"ImageObject\",\"inLanguage\":\"fr-FR\",\"@id\":\"http:\/\/escaudacienne.fr\/esc\/#\/schema\/logo\/image\/\",\"url\":\"https:\/\/escaudacienne.fr\/esc\/wp-content\/uploads\/sites\/2\/2021\/01\/Logo-ESC\u00ae-Rouge-Blanc-1968-5x5-1.png\",\"contentUrl\":\"https:\/\/escaudacienne.fr\/esc\/wp-content\/uploads\/sites\/2\/2021\/01\/Logo-ESC\u00ae-Rouge-Blanc-1968-5x5-1.png\",\"width\":591,\"height\":591,\"caption\":\"E.S.C.\u00ae - Entente Sportive Caudacienne\u00ae\"},\"image\":{\"@id\":\"http:\/\/escaudacienne.fr\/esc\/#\/schema\/logo\/image\/\"},\"sameAs\":[\"https:\/\/www.facebook.com\/ententesportivecaudacienne\"]}]}<\/script>\n<!-- \/ Yoast SEO Premium plugin. -->","yoast_head_json":{"title":"Parrainage - ESC - Entente Sportive Caudacienne\u00ae","description":"Parrainez un filleul aupr\u00e8s de l'ESC et b\u00e9n\u00e9ficiez jusqu'\u00e0 bons d'achats \u00e0 valoir chez nos partenaires.","robots":{"index":"index","follow":"follow","max-snippet":"max-snippet:-1","max-image-preview":"max-image-preview:large","max-video-preview":"max-video-preview:-1"},"canonical":"https:\/\/escaudacienne.fr\/esc\/accueil\/parrainage\/","og_locale":"fr_FR","og_type":"article","og_title":"Parrainage","og_url":"https:\/\/escaudacienne.fr\/esc\/accueil\/parrainage\/","og_site_name":"ESC - Entente Sportive Caudacienne\u00ae","article_publisher":"https:\/\/www.facebook.com\/ententesportivecaudacienne","article_modified_time":"2022-06-13T08:05:25+00:00","twitter_card":"summary_large_image","schema":{"@context":"https:\/\/schema.org","@graph":[{"@type":"WebPage","@id":"https:\/\/escaudacienne.fr\/esc\/accueil\/parrainage\/","url":"https:\/\/escaudacienne.fr\/esc\/accueil\/parrainage\/","name":"Parrainage - ESC - Entente Sportive Caudacienne\u00ae","isPartOf":{"@id":"http:\/\/escaudacienne.fr\/esc\/#website"},"datePublished":"2022-06-13T07:07:20+00:00","dateModified":"2022-06-13T08:05:25+00:00","description":"Parrainez un filleul aupr\u00e8s de l'ESC et b\u00e9n\u00e9ficiez jusqu'\u00e0 bons d'achats \u00e0 valoir chez nos partenaires.","breadcrumb":{"@id":"https:\/\/escaudacienne.fr\/esc\/accueil\/parrainage\/#breadcrumb"},"inLanguage":"fr-FR","potentialAction":[{"@type":"ReadAction","target":["https:\/\/escaudacienne.fr\/esc\/accueil\/parrainage\/"]}]},{"@type":"BreadcrumbList","@id":"https:\/\/escaudacienne.fr\/esc\/accueil\/parrainage\/#breadcrumb","itemListElement":[{"@type":"ListItem","position":1,"name":"Accueil","item":"http:\/\/escaudacienne.fr\/esc\/"},{"@type":"ListItem","position":2,"name":"Accueil ESC Sport La Queue-en-Brie","item":"http:\/\/escaudacienne.fr\/esc\/"},{"@type":"ListItem","position":3,"name":"Parrainage"}]},{"@type":"WebSite","@id":"http:\/\/escaudacienne.fr\/esc\/#website","url":"http:\/\/escaudacienne.fr\/esc\/","name":"ESC - Entente Sportive Caudacienne\u00ae","description":"Faire du Sport \u00e0 La Queue-en-Brie... c&#039;est facile avec l&#039;E.S.C.\u00ae !","publisher":{"@id":"http:\/\/escaudacienne.fr\/esc\/#organization"},"potentialAction":[{"@type":"SearchAction","target":{"@type":"EntryPoint","urlTemplate":"http:\/\/escaudacienne.fr\/esc\/?s={search_term_string}"},"query-input":{"@type":"PropertyValueSpecification","valueRequired":true,"valueName":"search_term_string"}}],"inLanguage":"fr-FR"},{"@type":"Organization","@id":"http:\/\/escaudacienne.fr\/esc\/#organization","name":"E.S.C.\u00ae - Entente Sportive Caudacienne\u00ae","url":"http:\/\/escaudacienne.fr\/esc\/","logo":{"@type":"ImageObject","inLanguage":"fr-FR","@id":"http:\/\/escaudacienne.fr\/esc\/#\/schema\/logo\/image\/","url":"https:\/\/escaudacienne.fr\/esc\/wp-content\/uploads\/sites\/2\/2021\/01\/Logo-ESC\u00ae-Rouge-Blanc-1968-5x5-1.png","contentUrl":"https:\/\/escaudacienne.fr\/esc\/wp-content\/uploads\/sites\/2\/2021\/01\/Logo-ESC\u00ae-Rouge-Blanc-1968-5x5-1.png","width":591,"height":591,"caption":"E.S.C.\u00ae - Entente Sportive Caudacienne\u00ae"},"image":{"@id":"http:\/\/escaudacienne.fr\/esc\/#\/schema\/logo\/image\/"},"sameAs":["https:\/\/www.facebook.com\/ententesportivecaudacienne"]}]}},"_links":{"self":[{"href":"https:\/\/escaudacienne.fr\/esc\/wp-json\/wp\/v2\/pages\/17232","targetHints":{"allow":["GET"]}}],"collection":[{"href":"https:\/\/escaudacienne.fr\/esc\/wp-json\/wp\/v2\/pages"}],"about":[{"href":"https:\/\/escaudacienne.fr\/esc\/wp-json\/wp\/v2\/types\/page"}],"author":[{"embeddable":true,"href":"https:\/\/escaudacienne.fr\/esc\/wp-json\/wp\/v2\/users\/1970"}],"replies":[{"embeddable":true,"href":"https:\/\/escaudacienne.fr\/esc\/wp-json\/wp\/v2\/comments?post=17232"}],"version-history":[{"count":4,"href":"https:\/\/escaudacienne.fr\/esc\/wp-json\/wp\/v2\/pages\/17232\/revisions"}],"predecessor-version":[{"id":17241,"href":"https:\/\/escaudacienne.fr\/esc\/wp-json\/wp\/v2\/pages\/17232\/revisions\/17241"}],"up":[{"embeddable":true,"href":"https:\/\/escaudacienne.fr\/esc\/wp-json\/wp\/v2\/pages\/87"}],"wp:attachment":[{"href":"https:\/\/escaudacienne.fr\/esc\/wp-json\/wp\/v2\/media?parent=17232"}],"curies":[{"name":"wp","href":"https:\/\/api.w.org\/{rel}","templated":true}]}}